the prime factors of w(37).
2, 3, 17
Let f(l) = l**3 + l**2 + 13*l - 19. What are the prime factors of f(7)?
2, 29
Suppose -20*f + b + 13957 = -16*f, -4*b - 10484 = -3*f. List the prime factors of f.
2, 109
Let f(c) = 7120*c**2 + 11*c + 14. What are the prime factors of f(-1)?
17, 419
Let l(d) = -22*d - 132. Let b be l(-6). Suppose -3*c - 2*z + 2448 = b, c - 16*z + 15*z = 816. What are the prime factors of c?
2, 3, 17
List the prime factors of 5 - (7/21)/((-6)/(-171))*-106.
2, 11, 23
Let i = -6142 - -9424. What are the prime factors of (i/(-9) + (-1)/3)/(-1)?
5, 73
Let o(h) = h**3 - 10*h**2 + 2*h + 18. Let u be o(-7). Let x = 1647 + u. What are the prime factors of x?
2, 409
Let p(a) = 0*a - 3*a + 10*a**2 - 22*a**2 - 11*a**2 - 7. Let z(u) = -35*u**2 - 5*u - 10. Let m(c) = -8*p(c) + 5*z(c). What are the prime factors of m(-3)?
2, 3, 5
Let w be ((-102)/(-5))/(6/(-20)). Let z = -56 - w. Let y(u) = 2*u**2 - 17*u + 8. What are the prime factors of y(z)?
2, 23
Suppose -1102*j + 637776 = -2193*j + 1107*j. What are the prime factors of j?
3, 43, 103
Suppose -13731 = 26*g - 154313. List the prime factors of g.
5407
Let w(o) be the third derivative of o**4/12 - 4*o**3/3 - 20*o**2. Let q be w(14). What are the prime factors of (q*(-3)/2)/(36/(-96))?
2, 5
Let z(b) = -b**2. Let v(f) = 74*f**2 + 1. Let c(y) = -v(y) + 4*z(y). Let n be c(1). List the prime factors of (3 - -1) + -2 - (n + 1).
2, 5
Let k be ((-20)/(-8) - 9/6) + 30. Let u = 29 - 41. Let l = u + k. What are the prime factors of l?
19
Suppose -3*u - 4*l = -555, 0 = -18*u + 20*u + 2*l - 372. Suppose 24 + 37 = 4*a + 5*s, -3*s = a - 17. Let i = u + a. List the prime factors of i.
7, 29
Suppose -3*k = -4*k - 34. Suppose 76*i = 8*i + 272. What are the prime factors of i - k*(-1 + 3)?
2, 3
Let m(q) = 6368 - 4*q - 6402 + 2*q + 20*q. List the prime factors of m(7).
2, 23
Let m(c) = -627*c + 625. List the prime factors of m(-6).
41, 107
Suppose -2*w - 8025 = -5*y - 19387, -3*y + 11314 = 2*w. What are the prime factors of w?
2, 2833
Let u(t) = 5*t**2 - 23*t - 9. Let f be u(-5). Suppose 8 = 4*z, -4*z - f - 3 = -2*l. List the prime factors of l.
11
What are the prime factors of 33879 - (-10)/(-80)*4*-14?
2, 16943
Suppose 460462 + 209623 = 61*x. What are the prime factors of x?
5, 13
What are the prime factors of ((-1790320)/200)/((16/(-20))/4)?
2, 7, 23, 139
Let p = -111 - -100. Let a(b) = -3*b**2 - 9*b - 22. Let c be a(p). Let y = c - -539. What are the prime factors of y?
11, 23
Let b(o) = -o**3 - 7*o**2 - o - 11. Let w be b(-7). List the prime factors of 7 + (-10)/(-3 + -2) + w.
5
Suppose 30 = -5*q, 1862*i = 1861*i - q + 7920. What are the prime factors of i?
2, 3, 1321
Let a = 80 - 75. Suppose a*l - 620 = -2*x + 9*l, -9 = -3*l. List the prime factors of x.
2, 79
Suppose 0 = 3*i - 12, -56337 = 3*k - 8*k + 2*i. What are the prime factors of k?
59, 191
Suppose 5*h - 77156 = 4*m, 3*h + 2513*m - 46299 = 2510*m. What are the prime factors of h?
2, 3, 643
Suppose 4*s - 30472 = 3*x + 9344, -9939 = -s - 3*x. What are the prime factors of s?
3, 31, 107
Suppose p = 2*y + 662, 2*y = 5*y + 5*p + 1019. Let k = y - -970. List the prime factors of k.
7, 13
Let r = -319 + 1538. What are the prime factors of r?
23, 53
Suppose 6 - 4 = -2*q. List the prime factors of 3*q*27/(324/(-1768)).
2, 13, 17
Suppose c = -5*v + 5820, 20*c - 25*c = 25. What are the prime factors of v?
5, 233
Let q = -40762 + 61612. What are the prime factors of q?
2, 3, 5, 139
Let t be 6600/168 + 4/(-14). Let h = 24 - t. Let i(s) = -s**3 - 15*s**2 - 5*s + 16. List the prime factors of i(h).
7, 13
Let x = -100 + 153. Suppose -7*u = -1929 + 746. Let k = x + u. List the prime factors of k.
2, 3, 37
Let l = -117 + 117. Let a(o) = -o**3 + o**2 - 2*o + 172. Let h be a(l). Suppose -3*z = -2*f - 438, -2*f = 2*z - 120 - h. What are the prime factors of z?
2, 73
Suppose -3*z + 6*z - 13607 = 5881. What are the prime factors of z?
2, 7, 29
Suppose 44*k + 3425 = 39*k. Let s = 1380 + k. What are the prime factors of s?
5, 139
Suppose 0*d = -141*d + 2448747. List the prime factors of d.
3, 7, 827
Let c be (-10)/(-15) + (-316)/6. Let n = 52 + c. Let i = n - -113. What are the prime factors of i?
113
Let c = 42313 - 23501. List the prime factors of c.
2, 4703
Let k(r) = -19*r**3 - 3*r**2 - 16*r - 25. Let p be k(-6). Suppose 9*d - 16*d = -p. What are the prime factors of d?
7, 83
Let r(c) = c**3 + 27*c**2 - 38*c + 66. Let j be r(-29). Let d = j - -917. List the prime factors of d.
13, 31
List the prime factors of 9/(-30) + 1*(-870282)/(-140).
2, 3, 7, 37
Suppose 0 = 2*l - 3*f - 291, 84 = 3*l + 5*f - 362. Suppose -l*t - 2214 = -150*t. List the prime factors of t.
2, 3, 41
Let p(u) = 2*u**2 - 11*u - 3. Let j be p(-13). Suppose 2*t - 2*k = 26, 9*t - 13*t - k = -37. Suppose -t*h + j = -272. List the prime factors of h.
3, 5
Let y = 25943 + 1274. What are the prime factors of y?
17, 1601
Let q = -90 - -83. Let g = q + -25. Let h = 186 + g. List the prime factors of h.
2, 7, 11
Let u = -74509 - -128732. What are the prime factors of u?
13, 43, 97
Let r(k) be the first derivative of 21*k**3 - 2*k**2 - k + 76. List the prime factors of r(2).
3
Suppose -5 + 3 = -x. Suppose 84*k + 147*k - 56492 + 6596 = 0. Suppose 0 = 2*t + l - 228, -k = -2*t - x*l - 2*l. What are the prime factors of t?
2, 29
Let p(q) = 6*q**3 - 6*q**2 - 12*q + 47. Let d(l) = 6*l**3 - 6*l**2 - 13*l + 46. Let r(u) = -2*d(u) + 3*p(u). List the prime factors of r(6).
1069
Let f = -143 + 168. Suppose 0 = f*s - 29*s + 1964. What are the prime factors of s?
491
Suppose r = -2*w - 71, 3*w - 14 = -3*r - 119. What are the prime factors of ((-18)/w)/(3/5742)?
3, 11, 29
Suppose 28*x + 384 = 40*x. What are the prime factors of 40/x - 7694/(-8)?
3, 107
Suppose -3*w + 420 = w. Let o be -8 - -4 - 25*1. Let p = w + o. List the prime factors of p.
2, 19
Suppose -4*v + 39 = 3*o, 3*v - 17 = -2*o + 11. Let d(j) = 2*j**2 - 5*j - 21. List the prime factors of d(v).
3, 7
Suppose 0 = -7*d - 17 - 11. Let z be 1 - (3 + -15)/d. List the prime factors of -1 + (2/z)/(3/(-63)).
2, 5
Let v = 23405 + -18003. What are the prime factors of v?
2, 37, 73
Suppose -4*s = -3*s - 2*s + 10353. List the prime factors of s.
3, 7, 17, 29
Suppose -4*f = -4*w - 5*f + 9, 0 = 3*w - 5*f - 24. Suppose 4*s - 5*u - 2421 = 0, 2*u = w*s - 2*s - 609. What are the prime factors of s?
599
Let s(z) = 11*z**2 + 4*z + 49. Let d be s(-5). Let t = -73 + d. List the prime factors of t.
3, 7, 11
What are the prime factors of 3*(-6138)/132*124/(-9)?
2, 31
Suppose 3*t = 5*p - 115466 - 13114, 51432 = 2*p - 2*t. List the prime factors of p.
2, 3, 2143
Suppose 87*d + 818 = 391*d + 6290. Let y(p) be the third derivative of -5*p**4/12 - 17*p**3/6 - p**2. List the prime factors of y(d).
163
Suppose 0 = -2*x + 50 - 62. Let o(m) = m**2 + 5*m - 32. Let p(q) = -q - 1. Let k(y) = x*p(y) + o(y). What are the prime factors of k(-14)?
2
Suppose 0 = 3*b + 2*r - 504, 4*b + 3*r - 5*r - 672 = 0. Let l be ((-2)/6)/((-2)/b). What are the prime factors of (-3)/((-36)/l)*33?
7, 11
What are the prime factors of (-128)/160 + 4/(60/15207)?
1013
Let q = -43 - -60. Let t(f) be the third derivative of f**4/24 - 4*f**3/3 + 3*f**2 + 14. What are the prime factors of t(q)?
3
Let k(t) = -2*t**2 + 3*t + 17. Let u be k(-5). Let c = u - -73. Suppose 4*i = 2*n + 790, n + c = -4*n. What are the prime factors of i?
3, 5, 13
Suppose -8*t + 3*t + 5 = 0, -3*a - 2*t = -14. Suppose -p + 2*d + 257 = d, a*d + 12 = 0. What are the prime factors of p?
2, 127
Suppose 0 = -24*r + 4*r - 5086 + 13186. What are the prime factors of r?
3, 5
What are the prime factors of 176255/30 + 9/(-54)?
5, 47
Suppose -2 = -7*c + 6*c. What are the prime factors of 7/(-21) + (8428/6)/c?
2, 3, 13
Suppose 33052 = 13*l - 29153. What are the prime factors of l?
3, 5, 11, 29
Let i be 16/6*(-99)/(-44). Suppose -40 = -i*d + 1982. What are the prime factors of d?
337
Suppose 5*p = -5*p - 10. List the prime factors of 4/((-2)/p) - -17.
19
Suppose 3*k - 37 = -4*z, -37 = -5*k + 2*z + 16. Suppose -2500 = -15*o + k*o. List the prime factors of o.
5
Let y(o) = -2*o**3 - o**2 + 2*o + 4728. Let b be y(0). Suppose -5*g - b = -13*g. What are the prime factors of g?
3, 197
Let z(m) = 16*m**2 + 131*m + 2488. List the prime factors of z(-40).
2, 3, 7, 17
Let b